{"id":10291,"date":"2024-03-05T16:34:35","date_gmt":"2024-03-05T15:34:35","guid":{"rendered":"https:\/\/www.auberge-gutshof.de\/impressum\/"},"modified":"2024-10-17T17:17:45","modified_gmt":"2024-10-17T15:17:45","slug":"mentions-legales","status":"publish","type":"page","link":"https:\/\/www.auberge-gutshof.de\/fr\/mentions-legales\/","title":{"rendered":"Mentions l\u00e9gales"},"content":{"rendered":"<div class=\"fusion-fullwidth fullwidth-box fusion-builder-row-1 fusion-flex-container nonhundred-percent-fullwidth non-hundred-percent-height-scrolling\" style=\"--awb-border-radius-top-left:0px;--awb-border-radius-top-right:0px;--awb-border-radius-bottom-right:0px;--awb-border-radius-bottom-left:0px;--awb-flex-wrap:wrap;\" ><div class=\"fusion-builder-row fusion-row fusion-flex-align-items-flex-start fusion-flex-content-wrap\" style=\"max-width:1248px;margin-left: calc(-4% \/ 2 );margin-right: calc(-4% \/ 2 );\"><div class=\"fusion-layout-column fusion_builder_column fusion-builder-column-0 fusion_builder_column_1_1 1_1 fusion-flex-column\" style=\"--awb-bg-size:cover;--awb-width-large:100%;--awb-margin-top-large:0px;--awb-spacing-right-large:1.92%;--awb-margin-bottom-large:0px;--awb-spacing-left-large:1.92%;--awb-width-medium:100%;--awb-spacing-right-medium:1.92%;--awb-spacing-left-medium:1.92%;--awb-width-small:100%;--awb-spacing-right-small:1.92%;--awb-spacing-left-small:1.92%;\"><div class=\"fusion-column-wrapper fusion-flex-justify-content-flex-start fusion-content-layout-column\"><div class=\"fusion-text fusion-text-1\"><h1>Mentions l\u00e9gales<\/h1>\n<p>Tina Wessollek<br \/>\nL&rsquo;Auberge Gutshof<br \/>\nAlte Belmsdorfer Stra\u00dfe 33<br \/>\n01877 Bischofswerda<\/p>\n<h2>Contact<\/h2>\n<p>T\u00e9l\u00e9phone : 03594-70520-0<br \/>\nT\u00e9l\u00e9copieur : 03594-70520-1<br \/>\nCourrier \u00e9lectronique : info@auberge-gutshof.de<\/p>\n<h3>Num\u00e9ro d&rsquo;identification de la taxe sur le chiffre d&rsquo;affaires<\/h3>\n<p>Num\u00e9ro d&rsquo;identification de la taxe sur le chiffre d&rsquo;affaires conform\u00e9ment au \u00a7 27 a de la loi sur la taxe sur le chiffre d&rsquo;affaires :<br \/>\nDE309767784<\/p>\n<h3>Responsable de la r\u00e9daction<\/h3>\n<p>Tina Wessollek<br \/>\nL&rsquo; Auberge Gutshof<br \/>\nAlte Belmsdorfer Str. 33<br \/>\n01877 Bischofswerda<\/p>\n<h3>R\u00e8glement des litiges de l&rsquo;UE<\/h3>\n<p>La Commission europ\u00e9enne met \u00e0 disposition une plate-forme pour le r\u00e8glement en ligne des litiges (OS) : https:\/\/ec.europa.eu\/consumers\/odr\/.<br \/>\nVous trouverez notre adresse e-mail en haut dans les mentions l\u00e9gales.<\/p>\n<h3>R\u00e8glement des litiges de consommation\/organisme de conciliation universel<\/h3>\n<p>Nous ne sommes pas pr\u00eats ou oblig\u00e9s de participer \u00e0 des proc\u00e9dures de r\u00e8glement des litiges devant un organisme de conciliation des consommateurs.<\/p>\n<\/div><\/div><\/div><\/div><\/div>\n","protected":false},"excerpt":{"rendered":"","protected":false},"author":9,"featured_media":0,"parent":0,"menu_order":0,"comment_status":"closed","ping_status":"open","template":"","meta":{"footnotes":""},"class_list":["post-10291","page","type-page","status-publish","hentry"],"_links":{"self":[{"href":"https:\/\/www.auberge-gutshof.de\/fr\/wp-json\/wp\/v2\/pages\/10291","targetHints":{"allow":["GET"]}}],"collection":[{"href":"https:\/\/www.auberge-gutshof.de\/fr\/wp-json\/wp\/v2\/pages"}],"about":[{"href":"https:\/\/www.auberge-gutshof.de\/fr\/wp-json\/wp\/v2\/types\/page"}],"author":[{"embeddable":true,"href":"https:\/\/www.auberge-gutshof.de\/fr\/wp-json\/wp\/v2\/users\/9"}],"replies":[{"embeddable":true,"href":"https:\/\/www.auberge-gutshof.de\/fr\/wp-json\/wp\/v2\/comments?post=10291"}],"version-history":[{"count":3,"href":"https:\/\/www.auberge-gutshof.de\/fr\/wp-json\/wp\/v2\/pages\/10291\/revisions"}],"predecessor-version":[{"id":10356,"href":"https:\/\/www.auberge-gutshof.de\/fr\/wp-json\/wp\/v2\/pages\/10291\/revisions\/10356"}],"wp:attachment":[{"href":"https:\/\/www.auberge-gutshof.de\/fr\/wp-json\/wp\/v2\/media?parent=10291"}],"curies":[{"name":"wp","href":"https:\/\/api.w.org\/{rel}","templated":true}]}}

Mentions légales

<div class="fusion-fullwidth fullwidth-box fusion-builder-row-1 fusion-flex-container nonhundred-percent-fullwidth non-hundred-percent-height-scrolling" style="--awb-border-radius-top-left:0px;--awb-border-radius-top-right:0px;--awb-border-radius-bottom-right:0px;--awb-border-radius-bottom-left:0px;--awb-flex-wrap:wrap;" ><div class="fusion-builder-row fusion-row fusion-flex-align-items-flex-start fusion-flex-content-wrap" style="max-width:1248px;margin-left: calc(-4% / 2 );margin-right: calc(-4% / 2 );"><div class="fusion-layout-column fusion_builder_column fusion-builder-column-0 fusion_builder_column_1_1 1_1 fusion-flex-column" style="--awb-bg-size:cover;--awb-width-large:100%;--awb-margin-top-large:0px;--awb-spacing-right-large:1.92%;--awb-margin-bottom-large:0px;--awb-spacing-left-large:1.92%;--awb-width-medium:100%;--awb-spacing-right-medium:1.92%;--awb-spacing-left-medium:1.92%;--awb-width-small:100%;--awb-spacing-right-small:1.92%;--awb-spacing-left-small:1.92%;"><div class="fusion-column-wrapper fusion-flex-justify-content-flex-start fusion-content-layout-column"><div class="fusion-text fusion-text-1"><h1>Mentions légales</h1>
<p>Tina Wessollek<br />
L&rsquo;Auberge Gutshof<br />
Alte Belmsdorfer Straße 33<br />
01877 Bischofswerda</p>
<h2>Contact</h2>
<p>Téléphone : 03594-70520-0<br />
Télécopieur : 03594-70520-1<br />
Courrier électronique : info@auberge-gutshof.de</p>
<h3>Numéro d&rsquo;identification de la taxe sur le chiffre d&rsquo;affaires</h3>
<p>Numéro d&rsquo;identification de la taxe sur le chiffre d&rsquo;affaires conformément au § 27 a de la loi sur la taxe sur le chiffre d&rsquo;affaires :<br />
DE309767784</p>
<h3>Responsable de la rédaction</h3>
<p>Tina Wessollek<br />
L&rsquo; Auberge Gutshof<br />
Alte Belmsdorfer Str. 33<br />
01877 Bischofswerda</p>
<h3>Règlement des litiges de l&rsquo;UE</h3>
<p>La Commission européenne met à disposition une plate-forme pour le règlement en ligne des litiges (OS) : https://ec.europa.eu/consumers/odr/.<br />
Vous trouverez notre adresse e-mail en haut dans les mentions légales.</p>
<h3>Règlement des litiges de consommation/organisme de conciliation universel</h3>
<p>Nous ne sommes pas prêts ou obligés de participer à des procédures de règlement des litiges devant un organisme de conciliation des consommateurs.</p>
</div></div></div></div></div>
